be a(6). What is the tens digit of 18/2 - (-1019 - g)?
8
Let v = -40 + 75. Let c = 31 - v. What is the tens digit of (-7)/(-14) - 238/c?
6
Let h(o) = o**3 - 14*o**2 + 14*o - 26. Let d be h(14). Suppose -5*u + d = 3*y, -4*y + 0*y = -5*u - 215. What is the tens digit of y?
5
Let p be (-48)/22 + 2 + 25714/(-143). Let m = 410 + p. What is the units digit of m?
0
Let l = 7 + -5. Suppose -l*f + 88 = -36. Suppose -r = -g + 3*g - 24, -2*r = -3*g - f. What is the tens digit of r?
2
Let j = 60828 - 29580. What is the tens digit of j?
4
What is the hundreds digit of 5/(-4) - 233829/(-36)?
4
Suppose -12*m + 2*j + 7542 = -11*m, 0 = -3*m - 2*j + 22634. What is the hundreds digit of m?
5
Suppose 4*n - 40258 = -5*y, n = 4*y + 1183 + 8850. What is the units digit of n?
7
Suppose 3*q + 1 = 10. Suppose -q = -5*g + 8*g. What is the tens digit of (-12 - 24)/(g*1)?
3
Suppose 22*u - 536998 - 274582 = 0. What is the tens digit of u?
9
Let r be (0 - -5)/(45/382950). Suppose 0 = 22*t + 15*t - r. What is the thousands digit of t?
1
Let r(l) = 2*l**2 + 55*l + 143. Let g be r(-25). Suppose 16*h - g*h = 3*z - 1375, -3*z + 2759 = 4*h. What is the hundreds digit of h?
6
Suppose 0 = -5*i - 5*v + 102690, 11*i - 102740 = 6*i + 5*v. What is the tens digit of i?
4
Suppose -78*m - 928 = -o - 80*m, o - m - 922 = 0. Suppose -13*v + 11*v + o = 0. What is the units digit of v?
2
Let q = -635 - -635. Suppose -4*u + 2476 = p - 784, -4*p + 16 = q. What is the units digit of u?
4
Suppose -17378 = -w - 4*s, -20772 = -5*w - 10*s + 66088. What is the thousands digit of w?
7
Let j be -18*((-478)/3 + (-24 - -21)). Suppose -13*h + j = -2343. What is the tens digit of h?
0
What is the units digit of (8 - (-24)/(-8)) + 14517?
2
Suppose 2*h - 8 = 10*h. Let n(a) = 105*a**2 + 2. What is the tens digit of n(h)?
0
Let d(i) be the first derivative of -5/2*i**2 - 30*i**4 - 16 - 4*i - 1/3*i**3. What is the tens digit of d(-1)?
2
Let f(i) = 9*i + 25*i + i + 15*i - 3*i - 382. What is the hundreds digit of f(15)?
3
What is the units digit of 13/(156/(-60)) - -10449?
4
Let s(d) = 37*d**2 - 36*d + 97. What is the hundreds digit of s(15)?
8
Suppose 29 = 9*b - 142. Suppose 131 + b = 3*n. What is the units digit of (-377)/(-5) - 20/n?
5
Suppose -6*m + 16 = -8. Suppose -5*f - m*r = -40, -4*f - 3*r - 2*r + 23 = 0. Suppose 7*v - f*v = -450. What is the units digit of v?
0
What is the units digit of 6580/(-6)*(-14 - 1)?
0
Suppose 2*x + 23946 = 2*f, 42*x = 3*f + 40*x - 35921. What is the units digit of f?
5
What is the ten thousands digit of ((-2)/6)/(173/(-12247881))?
2
Let j(f) = -f - 4. Let s(y) = 1370*y + 290. Let a(z) = -60*j(z) - s(z). What is the thousands digit of a(-1)?
1
What is the tens digit of (216/24)/(4/63740*5*3)?
6
Suppose 0 = -6*c + c - n + 982, -c = 2*n - 191. Suppose 185*u - c*u + 16020 = 0. What is the tens digit of u?
3
Let m be 25/((-2)/(-8)*4). Let x be (m/20 + 4)*12. Suppose v = x + 23. What is the units digit of v?
6
Let f be (3/6 - 28385/(-10)) + 0. Let t = -1666 + f. What is the tens digit of t?
7
Let x = 3410 + -2844. What is the tens digit of x?
6
Suppose 2*j - 7 = 1. Suppose 11*c + j*c = -16560. What is the hundreds digit of (12/(-16))/(4/c)?
2
Suppose 2*u - 38 = -2*y - 2*u, 2*u = 5*y - 35. Let n be 38/y + (2 - 40/18). Let z = n + 171. What is the tens digit of z?
7
Let f be (-5)/20 - (0 + (-250)/8). Suppose -5*v - f - 27 = -4*u, v = -2. What is the units digit of 9/u - (-5)/20?
1
What is the hundreds digit of 42797542/564 + (-15)/(-18)?
8
Suppose -2461 + 10557 = -23*o. Let u = 532 + o. What is the hundreds digit of u?
1
Let n be ((-14310)/(-4))/3 - 54/36. Let r = n - 790. What is the hundreds digit of r?
4
Suppose 15 - 3 = 4*j. Let o be ((-2 - 1) + j)/2. Suppose o = -6*v + 2*v + 216. What is the tens digit of v?
5
Let x(f) = f**3 - 23*f**2 - 195*f + 39. What is the ten thousands digit of x(39)?
1
Let t = 42540 - 3302. What is the tens digit of t?
3
Let h(d) = 9*d**3 + 35*d**2 + 81*d + 17. Let x(f) = -5*f**3 - 18*f**2 - 41*f - 8. Let u(g) = 4*h(g) + 7*x(g). What is the tens digit of u(-7)?
9
Let o(v) = 35 + v**3 + 143*v + 115*v + 17*v**2 - 291*v. What is the units digit of o(-16)?
9
Suppose -1480*p + 1433*p + 82427 + 966519 = 0. What is the thousands digit of p?
2
Suppose 0 = -3*p + 8*g + 23591, -3*p = 3*g - 15964 - 7682. What is the hundreds digit of p?
8
Let j(h) = -2*h + 26. Let l be j(14). Let n be (-38)/(-9) + l/9. Suppose -b = -4*u + 337, -90 = -5*u - n*b + 305. What is the units digit of u?
3
What is the units digit of (2148/(-15))/(85/(-850))?
2
Let l = 50830 - 1235. What is the tens digit of l?
9
Let u = 10572 - -2482. What is the ten thousands digit of u?
1
Suppose -7*r + 2*r = -95270. Suppose -q = -4*o + 4753, -4*o - o = 4*q + r. What is the tens digit of (-18)/(-15) + -1 + q/(-45)?
0
Suppose -5864 = -j + 36*g - 33*g, -3*j + 17620 = -2*g. What is the tens digit of j?
7
Let g = -11198 + 18566. What is the units digit of g?
8
Suppose -3*i + 5*x = -2277, -5*i - 8*x = -7*x - 3767. What is the tens digit of i?
5
Suppose -b - 7*b = -32. Let a be (-2)/b*-6 - -1. Suppose 2*p = a*r - 262, 3*p = 2 - 5. What is the tens digit of r?
6
Suppose -2*a + 3*a = 5*t - 9, 3*a - 7 = -2*t. Suppose -3*n + t*m = -43, -2*m = 5*n - 126 + 33. What is the tens digit of n?
1
Let d(g) = g**3 + g**2 + 2*g + 15. Let c = 77 + -77. Let y be (c - 0)*(-2 - 6/(-4)). What is the units digit of d(y)?
5
Suppose -y - 20 - 18 = 0. Let s = 2441 - 2289. Let x = y + s. What is the hundreds digit of x?
1
Suppose 0 = 12*d + 2 - 2. Suppose d = 3*x - t + 322 - 1900, -3*t + 1063 = 2*x. What is the hundreds digit of x?
5
Let z(o) = -29 + 6 + 41*o - 8*o - 8. What is the tens digit of z(9)?
6
Let s(u) = u**2 + 5*u - 32. Let w(f) = 10*f + 14. Let l(g) = 2*g. Let i(v) = -4*l(v) + w(v). Let p be i(0). What is the units digit of s(p)?
4
Suppose 11*j + 6168 - 281850 = 0. What is the thousands digit of j?
5
What is the hundreds digit of 39666117/2023 + (-8)/14?
6
Suppose 0 = 13*a - 72943 - 16627. What is the hundreds digit of a?
8
Let c(m) = m**3 + 9*m**2 - 2*m + 5. Let h(d) = d**2 + 1. Let a(p) = c(p) - 2*h(p). What is the units digit of a(-7)?
7
Suppose -32*t + 35*t + 3046 = o, -t + 3 = 0. What is the units digit of o?
5
Suppose -4*t + 528 = -4*s + s, -t + 132 = -3*s. Suppose 3*q + 268 = 4*v, 5*q = 2*v + t - 602. Let d = -44 - q. What is the units digit of d?
2
Suppose -20 = 5*z - 0. Let r(y) = 27*y - 2. Let g(j) = -26*j + 5. Let v(b) = -5*g(b) - 6*r(b). What is the tens digit of v(z)?
1
Suppose -u + 5*c = -21, -2*c = 4*u + 36 - 10. What is the units digit of -107*(1 + 1)/(u/10)?
5
Let y = 33098 - 12216. What is the ten thousands digit of y?
2
Suppose -13 + 188 = -5*h. Let d be (-8)/(-5) - 14/h. Suppose 0 = 4*g - d*y - 318, 0 = -4*y - 1 + 21. What is the tens digit of g?
8
Let j be (-2 - -567)/(5 + (-7 - -3)). Let p = j - -252. What is the tens digit of p?
1
Suppose 0 = 4*h + 4*d + 8, 2*d - 3*d - 2 = 2*h. What is the hundreds digit of (-106)/(h - (-4)/(-6))?
1
Let n be (-3)/(1985/500 + -4). Let l be -3 - -1*7*-5. Let t = n - l. What is the hundreds digit of t?
1
Suppose -2*a = -4*v + 2*v - 368, 892 = -5*v - 2*a. Let o = v - -317. What is the tens digit of o?
3
Suppose -6*j + 9 = -3. Suppose 2*g = -c + j*c + 1219, -g = c - 617. Suppose 4*n - 3*w - 247 = 242, 5*n - g = 3*w. What is the units digit of n?
3
Let b = -76 - -75. Let p be (3*b)/(27/603). Let r = p + 88. What is the tens digit of r?
2
Suppose -5*y = -9*y - 4. Let g(n) = -353*n**3 + n**2 + 3*n + 1. What is the units digit of g(y)?
2
Suppose -2*i + 14 = -3*t - i, -3*t + 3*i = 18. Let u(j) = 3 + 2*j - 12*j - 6. What is the units digit of u(t)?
7
Let y = -26880 + 44337. What is the hundreds digit of y?
4
What is the units digit of ((-4629)/9*3)/(0 - (-6 - -7))?
3
Let q(h) = -366*h - 24. Let j be q(-7). What is the hundreds digit of (-7)/2*j/(-63)?
1
Let f(y) = -y**3 + 25*y**2 + 27*y - 24. Let n be f(26). Suppose n*g = -0*m + 5*m + 36, m - 20 = -3*g. What is the units digit of g?
8
Suppose 0 = -2*r - 1 - 29. What is the hundreds digit of r/(-10) + 1437/6?
2
What is the tens digit of -1*(1 + -5 - -5)*-18570?
7
Suppose -5*p + 7046 = 2*w, -14*w - 3497 = -15*w + 4*p. What is the tens digit of w?
1
Let h = -27 - -29. Suppose h + 23 = l. What is the units digit of 1105/l - (-2 - 